4145
Convert -45435 (base 7) to base 16.
-2d15
-c8 (base 16) to base 14
-104
34052 (base 8) to base 3
201201112
Convert -24260 (base 7) to base 3.
-22122212
112630 (base 8) to base 7
216436
Convert -57d3 (base 14) to base 9.
-22854
What is 2120 (base 5) in base 7?
555
Convert 1862 (base 13) to base 3.
11222102
Convert -4ba6 (base 12) to base 4.
-2012232
Convert -11111212002 (base 3) to base 4.
-111230000
2221 (base 11) to base 4
231233
Convert -116 (base 11) to base 7.
-255
Convert -1001221 (base 3) to base 9.
-1057
Convert -eae (base 15) to base 2.
-110011110010
Convert -2304 (base 5) to base 2.
-101001001
9805 (base 15) to base 5
2012210
What is -5519 (base 10) in base 13?
-2687
-811 (base 12) to base 15
-52a
-3776 (base 14) to base 8
-22754
Convert -218 (base 11) to base 14.
-149
What is 221 (base 10) in base 9?
265
Convert 4b4 (base 12) to base 4.
23020
-a51 (base 13) to base 3
-2102001
What is 66a4 (base 15) in base 6?
244414
9201 (base 14) to base 3
1021102020
Convert -296 (base 13) to base 14.
-24d
What is 27da (base 16) in base 12?
5aa2
What is 233 (base 4) in base 3?
1202
What is 966 (base 13) in base 3?
2012110
-57 (base 8) to base 12
-3b
What is 1534 (base 6) in base 9?
514
-122555 (base 6) to base 9
-16088
What is 14142 (base 5) in base 3?
1121102
Convert 6256 (base 9) to base 12.
27a3
What is -23080 (base 9) in base 8?
-36025
What is 121100 (base 6) in base 16?
297c
What is 4006 (base 9) in base 6?
21310
What is 3b (base 13) in base 10?
50
Convert -149e (base 16) to base 14.
-1cd0
-5700 (base 11) to base 13
-3551
732 (base 10) to base 14
3a4
87826 (base 9) to base 16
e397
a67 (base 14) to base 3
2210222
What is 44b (base 12) in base 6?
2535
What is -21218 (base 9) in base 6?
-144542
What is -10c (base 15) in base 9?
-283
Convert -c19 (base 14) to base 7.
-6632
What is 935 (base 12) in base 9?
1745
-102536 (base 7) to base 16
-4565
-1110220 (base 3) to base 15
-4bc
57 (base 14) to base 4
1031
Convert -13942 (base 11) to base 9.
-30105
Convert 439 (base 11) to base 3.
201111
-1401 (base 5) to base 4
-3202
-93a (base 11) to base 14
-5ac
1011 (base 2) to base 10
11
What is -65 (base 16) in base 15?
-6b
-939 (base 10) to base 7
-2511
-134 (base 12) to base 3
-20211
Convert 30c (base 14) to base 16.
258
What is -2b2 (base 12) in base 3?
-120122
Convert -384 (base 11) to base 16.
-1c7
44210 (base 5) to base 10
3055
12200320 (base 4) to base 5
1323210
Convert -1b572 (base 12) to base 2.
-1001111001100110
Convert 1353 (base 8) to base 3.
1000200
Convert 1134 (base 6) to base 16.
112
Convert 3076 (base 9) to base 7.
6402
426 (base 16) to base 4
100212
-971 (base 13) to base 6
-11245
Convert -1211121001 (base 3) to base 15.
-aaa4
Convert 120102 (base 3) to base 8.
640
Convert 11321312 (base 4) to base 15.
7272
Convert 10110010111 (base 2) to base 16.
597
Convert 1010110111000010 (base 2) to base 16.
adc2
What is -796 (base 15) in base 8?
-3264
Convert -1001120000 (base 3) to base 9.
-31500
Convert 8a6 (base 12) to base 6.
5530
What is -2133331 (base 5) in base 15?
-ad2b
What is -100210 (base 4) in base 15?
-4aa
-532 (base 11) to base 8
-1200
Convert 376 (base 12) to base 6.
2230
283 (base 11) to base 15
173
8276 (base 11) to base 14
3ddb
-101110111 (base 2) to base 4
-11313
22312 (base 4) to base 14
378
5e6a (base 16) to base 4
11321222
What is 1a9 (base 15) in base 4?
12000
Convert -3302 (base 7) to base 4.
-102122
5a87 (base 11) to base 7
32131
What is -42903 (base 10) in base 7?
-236040
Convert 10100100 (base 2) to base 5.
1124
What is -12537 (base 12) in base 4?
-12011323
What is 82381 (base 9) in base 6?
1055114
13134 (base 6) to base 16
7d2
Convert -72b8 (base 12) to base 16.
-30ec
Convert -4a17 (base 13) to base 15.
-319d
Convert 100222021 (base 3) to base 11.
550a
497 (base 11) to base 7
1502
100011 (base 5) to base 14
11d9
-6c (base 14) to base 8
-140
2230303 (base 4) to base 13
5059
What is 122021101 (base 3) in base 7?
51466
Convert -12 (base 6) to base 10.
-8
What is -1122210 (base 3) in base 8?
-2271
-1035 (base 6) to base 9
-285
215a2 (base 12) to base 4
22300022
Convert -53c (base 15) to base 9.
-1553
What is 3020233 (base 4) in base 7?
52312
What is 53601 (base 10) in base 3?
2201112020
Convert -3547 (base 8) to base 13.
-b2a
What is -101120 (base 3) in base 8?
-435
Convert 171 (base 8) to base 3.
11111
Convert 3827 (base 9) to base 5.
42420
Convert 10131000 (base 4) to base 5.
1040430
What is -1271 (base 14) in base 3?
-11102211
15d (base 14) to base 4
10113
Convert 844 (base 11) to base 9.
1348
Convert -6600 (base 11) to base 12.
-5060
Convert 16 (base 7) to base 4.
31
2341 (base 6) to base 9
687
Convert 304 (base 10) to base 2.
100110000
What is 711a (base 15) in base 10?
23875
Convert -1643 (base 7) to base 6.
-3032
What is 122 (base 15) in base 7?
515
Convert 1040123 (base 5) to base 14.
6895
Convert 111110110 (base 2) to base 15.
237
Convert c00c (base 15) to base 9.
61513
2a66 (base 13) to base 2
1100000011000
Convert 4b7 (base 12) to base 9.
874
3f86 (base 16) to base 15
4c42
What is -2312041 (base 5) in base 7?
-232024
Convert -100000101100101 (base 2) to base 16.
-4165
What is 1f46 (base 16) in base 13?
384b
What is -120660 (base 7) in base 10?
-21945
322132 (base 5) to base 2
10101010100101
24424 (base 5) to base 9
2501
Convert -20010 (base 4) to base 9.
-633
Convert -22333122 (base 4) to base 9.
-67670
What is 1472 (base 9) in base 12?
792
What is -1112020 (base 3) in base 4?
-101121
-4856 (base 10) to base 8
-11370
What is -16336 (base 10) in base 13?
-7588
What is 3374 (base 16) in base 14?
4b2c
What is 801 (base 10) in base 9?
1080
-23642 (base 11) to base 7
-201156
What is -52211 (base 7) in base 3?
-122112222
209 (base 10) to base 4
3101
What is 42 (base 9) in base 11?
35
What is -101410 (base 6) in base 15?
-262c
Convert -317 (base 16) to base 2.
-1100010111
What is -3127 (base 12) in base 10?
-5359
What is -26d (base 16) in base 4?
-21231
What is -a64b (base 15) in base 9?
-53218
Convert 102350 (base 8) to base 9.
51604
6890 (base 10) to base 4
1223222
Convert -620 (base 8) to base 14.
-208
What is -131b (base 13) in base 10?
-2728
Convert 18380 (base 9) to base 3.
122102200
-20211 (base 3) to base 15
-c4
Convert -30421 (base 5) to base 15.
-8c6
2511 (base 16) to base 11
7147
Convert -21760 (base 10) to base 9.
-32757
-15031 (base 7) to base 6
-31054
What is -22338 (base 11) in base 16?
-7e5c
483 (base 13) to base 6
3343
Convert -a64 (base 11) to base 4.
-110000
-1022100011 (base 3) to base 11
-183a0
11002012 (base 3) to base 15
d35
Convert 406 (base 13) to base 4.
22222
11221 (base 4) to base 6
1401
Convert 35a (base 14) to base 3.
220202
Convert 2200 (base 7) to base 16.
310
-202 (base 4) to base 8
-42
What is 10000000 (base 2) in base 12?
a8
1622 (base 8) to base 3
1020212
Convert 382 (base 10) to base 14.
1d4
Convert -1010000011000 (base 2) to base 11.
-3957
What is -3425 (base 6) in base 8?
-1451
What is 1122031 (base 4) in base 16?
168d
What is 9450 (base 12) in base 13?
74a3
2112101 (base 3) to base 15
831
What is -c578 (base 13) in base 9?
-41412
1010000110110 (base 2) to base 12
2bb2
What is 334 (base 12) in base 10?
472
210010022 (base 3) to base 2
11110000100110
Convert 10605 (base 7) to base 2.
101010001100
What is -846 (base 11) in base 9?
-1351
Convert -33223012 (base 4) to base 16.
-fac6
What is 12302 (base 7) in base 12?
1a58
Convert 7875 (base 9) to base 16.
16bb
Convert 1701 (base 15) to base 8.
11527
-4503 (base 6) to base 4
-100113
Convert -999 (base 15) to base 6.
-14013
What is 42202 (base 8) in base 5?
1030123
Convert 1103 (base 8) to base 15.
289
-21313020 (base 4) to base 7
-225522
-24 (base 9) to base 13
-19
What is -100201 (base 3) in base 2?
-100000110
What is -10100001100 (base 2) in base 16?
-50c
Convert -a3 (base 12) to base 16.
-7b
224013 (base 6) to base 14
6d05
What is -39b (base 12) in base 9?
-672
10101110000 (base 2) to base 11
1056
-11583 (base 9) to base 7
-31440
What is -6351 (base 11) in base 3?
-102112022
What is -1565 (base 7) in base 15?
-2c5
What is -10011101010101 (base 2) in base 13?
-4777
What is -4353 (base 6) in base 4?
-33231
Convert -5054 (base 7) to base 4.
-123122
What is 2e3 (base 16) in base 14?
3ab
-313 (base 7) to base 8
-235
What is 640 (base 1